601. What is d(-29)?
20
Let p(c) = -2*c**3 - 40*c**2 + 186*c + 4606. Calculate p(-18).
-38
Let o(c) = -21*c**3 - 595*c**2 - 57*c + 3. Calculate o(-28).
-3889
Let o(s) = 7181*s + 1235136. Give o(-172).
4
Let w(k) = -28926*k - 28999. Give w(-1).
-73
Let y(c) = 8174*c - 17778433. What is y(2175)?
17
Let f(r) = 4*r**2 - 6*r - 215. Give f(8).
-7
Let p(d) = -d**3 + 41*d**2 - 507*d - 50. Give p(20).
-1790
Let s(z) = -4*z**3 + 48*z**2 - 86*z - 66. Determine s(10).
-126
Let g(z) = 201*z**2 + 6749*z - 2876. Calculate g(-34).
14
Let j(l) = 222773*l + 4232550. Give j(-19).
-137
Let y(w) = 52*w**2 + 373*w + 1122. What is y(-6)?
756
Let f(b) = -2*b**3 + 21*b**2 + 178*b - 3215. Determine f(11).
-1378
Let q(w) = w**2 + 188*w + 7849. Give q(-59).
238
Let u(y) = -y**3 + 96*y**2 + 2048*y - 28731. Calculate u(112).
-59
Let w(j) = 4*j**2 - 1242*j + 7578. Determine w(6).
270
Let j(a) = -a**3 + 144*a**2 - 2784*a + 294. What is j(121)?
173
Let c(f) = 23*f**2 + 276*f - 279. Determine c(1).
20
Let t(h) = h**2 - 32*h - 607. Give t(-13).
-22
Let h(q) = -2*q**3 + 17*q**2 + 3*q + 305. What is h(10)?
35
Let x(k) = -k**3 + 3736*k**2 - 37253*k - 71. Give x(10).
-1
Let n(q) = 3*q**3 - 639*q**2 - 1281*q - 1978. Give n(215).
-43
Let r(a) = 211*a**2 + 42625*a + 582. What is r(-202)?
-24
Let k(f) = 2*f**3 + 887*f**2 + 2209*f + 1800. Determine k(-441).
36
Let j(n) = 50*n**2 - 94474*n - 188953. Give j(-2).
195
Let c(s) = -s**3 + 16*s**2 - 4*s - 116. Determine c(15).
49
Let g(m) = -112647*m + 2816192. What is g(25)?
17
Let t(c) = -45619*c - 1049206. Give t(-23).
31
Let t(q) = 2*q**2 + 41737*q - 3. Determine t(0).
-3
Let d(x) = 5810*x + 139411. Give d(-24).
-29
Let r(n) = 4*n**2 - 34268*n - 171412. What is r(-5)?
28
Let f(j) = -j**3 - 48*j**2 + 1144*j - 27718. What is f(-70)?
2
Let o(u) = -u**3 + 59*u**2 - 3056*u + 18809. Calculate o(7).
-35
Let h(i) = -7511*i + 60012. Calculate h(8).
-76
Let d(t) = 2*t**3 - 408*t**2 - 2961*t + 1476. Calculate d(211).
-1
Let j(z) = -744*z**2 - z - 324. Determine j(0).
-324
Let l(u) = -u**3 + 53*u**2 + 335*u - 1225. Calculate l(-8).
-1
Let h(o) = -o**3 - 572*o**2 - 1796*o - 50694. Determine h(-569).
-53
Let k(v) = -v**3 - 70*v**2 - 517*v + 26516. Give k(-47).
8
Let b(k) = -k**3 + 92*k**2 + 3369*k + 70. Calculate b(-28).
-182
Let b(o) = o**2 + 46*o - 108445. Determine b(-356).
1915
Let d(i) = -2*i**3 + 1032*i**2 - 93929*i + 398. Give d(398).
0
Let o(x) = 340759*x + 2726030. Give o(-8).
-42
Let h(y) = y**3 + 17*y**2 - 68*y - 1145. Determine h(-17).
11
Let u(h) = -39100*h - 117285. Calculate u(-3).
15
Let i(f) = -1858*f - 24126. Give i(-13).
28
Let f(o) = -o**3 + 24*o**2 - 659*o + 17081. Give f(25).
-19
Let v(o) = -257*o**2 + 3604*o - 4. Determine v(14).
80
Let a(y) = -1575*y + 50946. Determine a(32).
546
Let r(w) = -w**3 - 13*w**2 + 137*w + 1155. Determine r(-17).
-18
Let t(x) = 80*x**2 - 1950*x + 303. Give t(24).
-417
Let n(p) = 1911*p - 15073. What is n(8)?
215
Let h(x) = -134*x**2 + 1164*x + 387. Determine h(9).
9
Let y(v) = -2*v**3 - 15*v**2 - 51111*v - 408944. What is y(-8)?
8
Let v(r) = r**3 - 105*r**2 - 314*r - 1260. Determine v(108).
-180
Let f(j) = -17*j**3 - 106*j**2 + 7*j + 40. Determine f(-6).
-146
Let o(w) = 140878*w + 140820. Give o(-1).
-58
Let d(c) = -1252*c + 132562. Give d(106).
-150
Let r(n) = 26205*n - 183198. Give r(7).
237
Let j(u) = -6763*u + 27068. What is j(4)?
16
Let s(b) = 50951*b + 917115. Calculate s(-18).
-3
Let s(z) = -2*z**2 - 553*z - 8238. What is s(-14)?
-888
Let o(l) = -5*l**2 - 610*l. Give o(-122).
0
Let t(y) = 1650*y**2 - 29708*y + 181. Calculate t(18).
37
Let u(c) = -5*c**2 - 575*c - 8693. Give u(-97).
37
Let v(a) = -a**3 + 555*a**2 + 1121*a - 4448. What is v(557)?
-549
Let l(p) = p**3 - 273*p**2 + 1061*p + 3753. Give l(269).
-282
Let j(t) = 74*t - 781. Give j(17).
477
Let j(f) = -f**3 + 25*f**2 - 43*f - 323. Determine j(22).
183
Let u(s) = s**2 + 1399*s - 159533. Give u(106).
-3
Let x(c) = -82500*c + 412540. Give x(5).
40
Let m(y) = 58*y**3 + 116*y**2 - 7*y - 6. What is m(-2)?
8
Let h(x) = -x**3 + 16*x**2 - 62*x + 128. Determine h(11).
51
Let y(u) = -u**3 + 35*u**2 - 164*u + 3383. Determine y(32).
1207
Let l(a) = -3*a**3 + 11*a**2 - 53*a + 47. What is l(6)?
-523
Let t(k) = -k**2 + 739*k - 5230. Give t(7).
-106
Let c(g) = -g**3 - 205*g**2 + 762*g - 15268. Determine c(-209).
198
Let t(x) = 519648*x + 2598247. What is t(-5)?
7
Let g(s) = 43*s**3 - 218*s**2 + 123*s - 538. Give g(5).
2
Let l(q) = q**3 + 2382*q**2 - 12170*q + 1169. Determine l(5).
-6
Let n(y) = 16687*y + 667595. Calculate n(-40).
115
Let z(h) = h**3 + 129*h**2 - 79*h - 10233. Give z(-129).
-42
Let h(r) = -529*r**2 + 385*r - 5. Give h(0).
-5
Let b(p) = -p**3 - 9*p**2 - 24*p - 32. Determine b(6).
-716
Let i(m) = -8841*m - 1662123. What is i(-188)?
-15
Let v(d) = -5487*d**2 - 475*d - 462. Give v(-1).
-5474
Let a(j) = -j**2 - 7*j + 38991. Give a(196).
-797
Let c(l) = 190*l + 8108. What is c(-41)?
318
Let c(v) = v**2 + 3319*v - 585820. Give c(168).
-4
Let x(h) = -7801*h**2 - 7825*h - 1. Determine x(-1).
23
Let v(q) = -5*q**2 - 516*q + 42. Calculate v(-104).
-374
Let w(h) = -24229*h + 3416281. Determine w(141).
-8
Let y(l) = 183261*l + 366540. Give y(-2).
18
Let y(b) = -1284*b + 118165. What is y(91)?
1321
Let b(f) = -16*f**2 - 3498*f + 48165. Determine b(13).
-13
Let h(y) = -5*y**3 - 11*y**2 - 99*y + 344. Determine h(3).
-187
Let i(g) = 42*g**2 - 518*g + 460. Determine i(13).
824
Let d(p) = 2*p**3 + 21*p**2 + 135*p + 1454. What is d(-10)?
204
Let z(b) = 36*b**2 + 267*b + 56. What is z(-8)?
224
Let n(s) = 223*s - 34949. Determine n(153).
-830
Let t(h) = h**2 - 959*h + 28857. What is t(31)?
89
Let o(q) = -q**3 + 3*q**2 - 22*q + 827. Determine o(0).
827
Let r(t) = 88*t**3 + 11*t**2 + 10*t + 19. Give r(-2).
-661
Let b(f) = 1872*f - 54771. Calculate b(30).
1389
Let l(u) = 3*u**2 + 1285*u + 52018. Calculate l(-383).
-70
Let q(m) = m**2 + 149*m - 5057. What is q(27)?
-305
Let v(b) = 97277*b + 486396. What is v(-5)?
11
Let n(w) = 1147*w - 1057. Determine n(0).
-1057
Let r(t) = 3*t**2 - 815*t + 27806. What is r(40)?
6
Let c(x) = 56*x**2 - 419*x + 136. Give c(7).
-53
Let y(m) = 26907*m - 457422. Calculate y(17).
-3
Let c(g) = -358*g + 2741. What is c(8)?
-123
Let o(s) = 1989927*s + 13929503. What is o(-7)?
14
Let h(f) = -1197*f - 49021. Give h(-41).
56
Let v(b) = -b**3 + 28*b**2 - 56*b + 6. Calculate v(20).
2086
Let t(b) = -b**3 - 49*b**2 - 557*b + 896. Determine t(-28).
28
Let m(j) = 30*j**2 + 1175*j + 404. Give m(-39).
209
Let w(z) = -426*z - 1960. Give w(-5).
170
Let y(i) = 107*i**3 + i**2 + 152*i - 317. Determine y(2).
847
Let k(c) = -88301*c + 1236199. What is k(14)?
-15
Let w(j) = 2*j**2 - 1366*j + 13457. What is w(10)?
-3
Let b(o) = o**3 - 40*o**2 + 22*o - 228. Give b(40).
652
Let d(y) = -4794*y + 441066. What is d(92)?
18
Let q(s) = -21*s**3 + 464*s**2 + 441*s - 25. Calculate q(-1).
19
Let o(x) = -x**2 - 67*x - 1235. Determine o(-32).
-115
Let l(g) = -g**3 + 5604*g**2 - 50357*g - 36. What is l(9)?
-54
Let r(n) = n**3 - 985*n**2 + 49392*n + 207. Calculate r(53).
-5
Let i(n) = -3*n**3 + 43*n**2 - 16*n + 161. Determine i(9).
1313
Let j(i) = -1792*i - 102073. Calculate j(-57).
71
Let b(o) = -2*o**2 - 1698*o + 11958. What is b(7)?
-26
Let l(u) = -23*u**2 - 290*u + 3312. Give l(11).
-2661
Let z(x) = -160*x - 826. Give z(-11).
934
Let z(h) = -22*h**3 - 639*h**2 - 38*h + 184. Give z(-29).
445
Let v(a) = 38*a**2 - 1402*a + 1065. Determine v(36).
-159
Let d(j) = j**3 - 285*j**2 - 603*j + 8288. Give d(287).
-35
Let o(v) = 2*v**2 - 475*v + 19799. Calculate o(183).
-148
Let z(b) = -25458*b + 458174. Calculate z(18).
-70
Let n(o) = o**2 + 582*o - 69. Calculate n(0).
-69
Let z(a) = 14612*a - 4237486. What is z(290)?
-6
Let a(n) = -9715*n**2 - 58280*n + 4. Give a(-6).
-56
Let x(r) = -8538*r - 42614. Determine x(-5).
76
Let l(b) = 2*b**3 - 192*b**2 + 3*b - 455. Determine l(96).
-167
Let o(w) = -3*w**3 + 6*w**2 - 65*w - 309. Calculate o(-7).
1469
Let y(b) = 5*b**3 + 328*b**2 + 200*b + 277. Give y(-65).
-48
Let r(o) = o**3 + 125*o**2 + 749*o + 728. Give r(-5).
-17
Let o(y) = -1066*y - 29613. Calculate o(-28).
235
Let m(o) = 598*o + 20767. Calculate m(-34).
435
Let r(h) = -32*h - 1718. Determine r(-49).
-150
Let w(b) = b**3 - 33*b**2 + 22*b - 421. What is w(33)?
305
Let i(n) =